hat is the millions digit of 899097453?
9
What is the ten millions digit of 46963117?
4
What is the ten thousands digit of 1501179670?
7
What is the hundreds digit of 991628208?
2
What is the ten thousands digit of 1270503953?
0
What is the thousands digit of 234930567?
0
What is the hundred thousands digit of 4359562179?
5
What is the tens digit of 468156591?
9
What is the hundreds digit of 874402980?
9
What is the hundred thousands digit of 86975558?
9
What is the millions digit of 2797633463?
7
What is the ten thousands digit of 2527420689?
2
What is the tens digit of 64867158?
5
What is the units digit of 1803506053?
3
What is the millions digit of 250842049?
0
What is the ten thousands digit of 1343074636?
7
What is the millions digit of 7897441488?
7
What is the ten millions digit of 450599589?
5
What is the units digit of 4702775690?
0
What is the millions digit of 288084789?
8
What is the hundred millions digit of 300787588?
3
What is the tens digit of 420579222?
2
What is the tens digit of 110946704?
0
What is the millions digit of 514628579?
4
What is the ten thousands digit of 34693505?
9
What is the millions digit of 39563314?
9
What is the hundred thousands digit of 134639479?
6
What is the thousands digit of 32445315?
5
What is the hundred millions digit of 1317555085?
3
What is the thousands digit of 1711332629?
2
What is the ten millions digit of 962003370?
6
What is the hundreds digit of 5041485991?
9
What is the hundred thousands digit of 115425139?
4
What is the thousands digit of 155138310?
8
What is the ten thousands digit of 208698652?
9
What is the ten millions digit of 1196477320?
9
What is the hundreds digit of 2352119780?
7
What is the ten millions digit of 42763732?
4
What is the ten thousands digit of 111067311?
6
What is the units digit of 5756042693?
3
What is the thousands digit of 152364075?
4
What is the tens digit of 290243155?
5
What is the units digit of 287665150?
0
What is the ten thousands digit of 123213076?
1
What is the hundred millions digit of 171255625?
1
What is the units digit of 43763605?
5
What is the units digit of 13450899?
9
What is the millions digit of 1036155426?
6
What is the billions digit of 1458128034?
1
What is the hundred thousands digit of 78794247?
7
What is the hundreds digit of 189463644?
6
What is the ten millions digit of 1019293267?
1
What is the tens digit of 7360686114?
1
What is the hundred thousands digit of 97675801?
6
What is the billions digit of 1612299112?
1
What is the millions digit of 68549687?
8
What is the ten thousands digit of 12654591?
5
What is the hundred millions digit of 417167237?
4
What is the units digit of 160342911?
1
What is the units digit of 143690628?
8
What is the units digit of 187371986?
6
What is the hundred thousands digit of 4120728767?
7
What is the hundred millions digit of 451108743?
4
What is the hundred thousands digit of 505522658?
5
What is the hundreds digit of 427686182?
1
What is the tens digit of 1250899149?
4
What is the hundred millions digit of 108416979?
1
What is the billions digit of 1224200568?
1
What is the millions digit of 261908192?
1
What is the units digit of 85548183?
3
What is the hundred thousands digit of 186438189?
4
What is the ten millions digit of 2774605600?
7
What is the millions digit of 97310777?
7
What is the thousands digit of 81602824?
2
What is the hundreds digit of 1611723006?
0
What is the hundred thousands digit of 1569572378?
5
What is the thousands digit of 29868769?
8
What is the hundreds digit of 215904293?
2
What is the ten thousands digit of 158404504?
0
What is the ten millions digit of 140597768?
4
What is the thousands digit of 15911707?
1
What is the units digit of 776684345?
5
What is the units digit of 52169873?
3
What is the hundreds digit of 811300728?
7
What is the ten millions digit of 34791892?
3
What is the hundreds digit of 36098380?
3
What is the ten millions digit of 1068160539?
6
What is the hundred thousands digit of 253757051?
7
What is the millions digit of 28638678?
8
What is the hundreds digit of 87390042?
0
What is the thousands digit of 1130915998?
5
What is the ten thousands digit of 260380809?
8
What is the thousands digit of 115125943?
5
What is the billions digit of 1634946840?
1
What is the ten millions digit of 150113345?
5
What is the units digit of 115320789?
9
What is the units digit of 30941454?
4
What is the ten thousands digit of 125752422?
5
What is the thousands digit of 118366495?
6
What is the millions digit of 45655607?
5
What is the billions digit of 2955900526?
2
What is the hundred millions digit of 3719168542?
7
What is the ten millions digit of 145552934?
4
What is the tens digit of 62369291?
9
What is the millions digit of 25893122?
5
What is the ten millions digit of 84181353?
8
What is the hundred millions digit of 1071213538?
0
What is the tens digit of 761021536?
3
What is the hundred millions digit of 313373685?
3
What is the hundred millions digit of 2472761720?
4
What is the millions digit of 49453815?
9
What is the thousands digit of 24004972?
4
What is the ten thousands digit of 4709640409?
4
What is the units digit of 1591688000?
0
What is the billions digit of 1824425558?
1
What is the hundreds digit of 1216890511?
5
What is the hundred millions digit of 1513777114?
5
What is the millions digit of 33775887?
3
What is the thousands digit of 492351424?
1
What is the ten millions digit of 3135262993?
3
What is the ten millions digit of 647294105?
4
What is the hundreds digit of 869404865?
8
What is the ten millions digit of 502208962?
0
What is the millions digit of 190369823?
0
What is the hundred millions digit of 1651117446?
6
What is the thousands digit of 51370822?
0
What is the tens digit of 1958097413?
1
What is the tens digit of 22061938?
3
What is the ten thousands digit of 932110126?
1
What is the millions digit of 5177051?
5
What is the units digit of 87859274?
4
What is the thousands digit of 107147102?
7
What is the hundreds digit of 445919912?
9
What is the ten thousands digit of 9686430?
8
What is the ten millions digit of 218030510?
1
What is the units digit of 7470913?
3
What is the thousands digit of 18353016?
3
What is the hundreds digit of 163737596?
5
What is the millions digit of 719533725?
9
What is the ten thousands digit of 25828513?
2
What is the tens digit of 201771107?
0
What is the tens digit of 51674306?
0
What is the hundred millions digit of 2121783073?
1
What is the millions digit of 92800090?
2
What is the hundred thousands digit of 169508696?
5
What is the millions digit of 143084539?
3
What is the units digit of 50101288?
8
What is the hundred thousands digit of 79573425?
5
What is the hundred millions digit of 197263128?
1
What is the ten millions digit of 118351224?
1
What is the millions digit of 88874741?
8
What is the millions digit of 178453585?
8
What is the tens digit of 24389427?
2
What is the tens digit of 873515705?
0
What is the ten thousands digit of 295964335?
6
What is the ten millions digit of 2941776595?
4
What is the ten millions digit of 114333330?
1
What is the hundred thousands digit of 613418295?
4
What is the ten thousands digit of 123923114?
2
What is the billions digit of 2959128276?
2
What is the ten millions digit of 571027851?
7
What is the hundred millions digit of 444112782?
4
What is the thousands digit of 27935958?
5
What is the hundreds digit of 14169146?
1
What is the tens digit of 24477751?
5
What is the millions digit of 15239495?
5
What is the ten millions digit of 2909140850?
0
What is the units digit of 50991292?
2
What is the millions digit of 32313895?
2
What is the units digit of 145981550?
0
What is the ten millions digit of 26737180?
2
What is the tens digit of 91549979?
7
What is the hundred thousands digit of 136084095?
0
What is the units digit of 671284842?
2
What is the hundred thousands digit of 1932589422?
5
What is the units digit of 443659056?
6
What is the millions digit of 86988006?
6
What is the ten thousands digit of 732165361?
6
What is the hundred thousands digit of 1167410823?
4
What is the tens digit of 49897130?
3
What is the hundreds digit of 188479958?
9
What is the hundreds digit of 40845901?
9
What is the thousands digit of 3267080853?